{"id":25,"date":"2016-05-15T11:30:27","date_gmt":"2016-05-15T10:30:27","guid":{"rendered":"http:\/\/vstabor.orlicemb.cz\/subdom\/vstabor\/?page_id=25"},"modified":"2025-04-06T20:43:37","modified_gmt":"2025-04-06T19:43:37","slug":"fotogalerie","status":"publish","type":"page","link":"https:\/\/vstabor.orlicemb.cz\/subdom\/vstabor\/fotogalerie\/","title":{"rendered":"Fotogalerie"},"content":{"rendered":"<p>Foto z t\u00e1bora 2024\u00a0<a href=\"https:\/\/eu.zonerama.com\/6rojsvetlusek\/Album\/11840291\">tady<\/a><\/p>\n<p>Foto z t\u00e1bora 2023\u00a0<a href=\"https:\/\/eu.zonerama.com\/6rojsvetlusek\/Album\/10177847\">tady<\/a><\/p>\n<p>Fotografie z t\u00e1bora 2022\u00a0<a href=\"https:\/\/eu.zonerama.com\/6rojsvetlusek\/Album\/8857596\">tady<\/a> a taky\u00a0<a href=\"https:\/\/eu.zonerama.com\/6rojsvetlusek\/Album\/8873379\">tady<\/a><\/p>\n<p>Fotografie z t\u00e1bora 2021 <a href=\"https:\/\/svetluskymb.rajce.idnes.cz\/TABOR_2021\/\">zde!<\/a><\/p>\n<p>Fotografie z t\u00e1bora 2018\u00a0<a href=\"https:\/\/www.zonerama.com\/1smeckaSirius\/Album\/4557272\">zde!<\/a><\/p>\n<p>Fotografie z t\u00e1bora 2017 <a href=\"https:\/\/www.zonerama.com\/1smeckaSirius\/Album\/3461383\">zde!<\/a><\/p>\n<p>Fotografie ze star\u0161\u00edch t\u00e1bor\u016f:<\/p>\n<div id='gallery-1' class='gallery galleryid-25 gallery-columns-3 gallery-size-thumbnail'><figure class='gallery-item'>\n\t\t\t<div class='gallery-icon landscape'>\n\t\t\t\t<a href='https:\/\/vstabor.orlicemb.cz\/subdom\/vstabor\/fotogalerie\/dsc_0154\/'><img width=\"150\" height=\"150\" src=\"https:\/\/vstabor.orlicemb.cz\/subdom\/vstabor\/wp-content\/uploads\/2016\/05\/DSC_0154-150x150.jpg\" class=\"attachment-thumbnail size-thumbnail\" alt=\"\" decoding=\"async\" loading=\"lazy\" \/><\/a>\n\t\t\t<\/div><\/figure><figure class='gallery-item'>\n\t\t\t<div class='gallery-icon landscape'>\n\t\t\t\t<a href='https:\/\/vstabor.orlicemb.cz\/subdom\/vstabor\/fotogalerie\/dsc_0736\/'><img width=\"150\" height=\"150\" src=\"https:\/\/vstabor.orlicemb.cz\/subdom\/vstabor\/wp-content\/uploads\/2016\/05\/DSC_0736-150x150.jpg\" class=\"attachment-thumbnail size-thumbnail\" alt=\"\" decoding=\"async\" loading=\"lazy\" \/><\/a>\n\t\t\t<\/div><\/figure><figure class='gallery-item'>\n\t\t\t<div class='gallery-icon landscape'>\n\t\t\t\t<a href='https:\/\/vstabor.orlicemb.cz\/subdom\/vstabor\/fotogalerie\/dsc_0845\/'><img width=\"150\" height=\"150\" src=\"https:\/\/vstabor.orlicemb.cz\/subdom\/vstabor\/wp-content\/uploads\/2016\/05\/DSC_0845-150x150.jpg\" class=\"attachment-thumbnail size-thumbnail\" alt=\"\" decoding=\"async\" loading=\"lazy\" \/><\/a>\n\t\t\t<\/div><\/figure><figure class='gallery-item'>\n\t\t\t<div class='gallery-icon landscape'>\n\t\t\t\t<a href='https:\/\/vstabor.orlicemb.cz\/subdom\/vstabor\/fotogalerie\/dsc_0772-2\/'><img width=\"150\" height=\"150\" src=\"https:\/\/vstabor.orlicemb.cz\/subdom\/vstabor\/wp-content\/uploads\/2016\/05\/DSC_0772-1-150x150.jpg\" class=\"attachment-thumbnail size-thumbnail\" alt=\"\" decoding=\"async\" loading=\"lazy\" \/><\/a>\n\t\t\t<\/div><\/figure><figure class='gallery-item'>\n\t\t\t<div class='gallery-icon landscape'>\n\t\t\t\t<a href='https:\/\/vstabor.orlicemb.cz\/subdom\/vstabor\/fotogalerie\/dsc_0062\/'><img width=\"150\" height=\"150\" src=\"https:\/\/vstabor.orlicemb.cz\/subdom\/vstabor\/wp-content\/uploads\/2016\/05\/DSC_0062-150x150.jpg\" class=\"attachment-thumbnail size-thumbnail\" alt=\"\" decoding=\"async\" loading=\"lazy\" \/><\/a>\n\t\t\t<\/div><\/figure><figure class='gallery-item'>\n\t\t\t<div class='gallery-icon landscape'>\n\t\t\t\t<a href='https:\/\/vstabor.orlicemb.cz\/subdom\/vstabor\/fotogalerie\/dsc_0772\/'><img width=\"150\" height=\"150\" src=\"https:\/\/vstabor.orlicemb.cz\/subdom\/vstabor\/wp-content\/uploads\/2016\/05\/DSC_0772-150x150.jpg\" class=\"attachment-thumbnail size-thumbnail\" alt=\"\" decoding=\"async\" loading=\"lazy\" \/><\/a>\n\t\t\t<\/div><\/figure><figure class='gallery-item'>\n\t\t\t<div class='gallery-icon portrait'>\n\t\t\t\t<a href='https:\/\/vstabor.orlicemb.cz\/subdom\/vstabor\/fotogalerie\/dsc_0929\/'><img width=\"150\" height=\"150\" src=\"https:\/\/vstabor.orlicemb.cz\/subdom\/vstabor\/wp-content\/uploads\/2016\/05\/DSC_0929-150x150.jpg\" class=\"attachment-thumbnail size-thumbnail\" alt=\"\" decoding=\"async\" loading=\"lazy\" \/><\/a>\n\t\t\t<\/div><\/figure><figure class='gallery-item'>\n\t\t\t<div class='gallery-icon landscape'>\n\t\t\t\t<a href='https:\/\/vstabor.orlicemb.cz\/subdom\/vstabor\/fotogalerie\/dsc_0017\/'><img width=\"150\" height=\"150\" src=\"https:\/\/vstabor.orlicemb.cz\/subdom\/vstabor\/wp-content\/uploads\/2016\/05\/DSC_0017-150x150.jpg\" class=\"attachment-thumbnail size-thumbnail\" alt=\"\" decoding=\"async\" loading=\"lazy\" \/><\/a>\n\t\t\t<\/div><\/figure><figure class='gallery-item'>\n\t\t\t<div class='gallery-icon landscape'>\n\t\t\t\t<a href='https:\/\/vstabor.orlicemb.cz\/subdom\/vstabor\/fotogalerie\/dsc_0316\/'><img width=\"150\" height=\"150\" src=\"https:\/\/vstabor.orlicemb.cz\/subdom\/vstabor\/wp-content\/uploads\/2016\/05\/DSC_0316-150x150.jpg\" class=\"attachment-thumbnail size-thumbnail\" alt=\"\" decoding=\"async\" loading=\"lazy\" \/><\/a>\n\t\t\t<\/div><\/figure><figure class='gallery-item'>\n\t\t\t<div class='gallery-icon landscape'>\n\t\t\t\t<a href='https:\/\/vstabor.orlicemb.cz\/subdom\/vstabor\/fotogalerie\/dsc_0932\/'><img width=\"150\" height=\"150\" src=\"https:\/\/vstabor.orlicemb.cz\/subdom\/vstabor\/wp-content\/uploads\/2016\/05\/DSC_0932-150x150.jpg\" class=\"attachment-thumbnail size-thumbnail\" alt=\"\" decoding=\"async\" loading=\"lazy\" \/><\/a>\n\t\t\t<\/div><\/figure><figure class='gallery-item'>\n\t\t\t<div class='gallery-icon landscape'>\n\t\t\t\t<a href='https:\/\/vstabor.orlicemb.cz\/subdom\/vstabor\/fotogalerie\/dsc_0245\/'><img width=\"150\" height=\"150\" src=\"https:\/\/vstabor.orlicemb.cz\/subdom\/vstabor\/wp-content\/uploads\/2016\/05\/DSC_0245-150x150.jpg\" class=\"attachment-thumbnail size-thumbnail\" alt=\"\" decoding=\"async\" loading=\"lazy\" \/><\/a>\n\t\t\t<\/div><\/figure><figure class='gallery-item'>\n\t\t\t<div class='gallery-icon landscape'>\n\t\t\t\t<a href='https:\/\/vstabor.orlicemb.cz\/subdom\/vstabor\/fotogalerie\/dsc_0168\/'><img width=\"150\" height=\"150\" src=\"https:\/\/vstabor.orlicemb.cz\/subdom\/vstabor\/wp-content\/uploads\/2016\/05\/DSC_0168-150x150.jpg\" class=\"attachment-thumbnail size-thumbnail\" alt=\"\" decoding=\"async\" loading=\"lazy\" \/><\/a>\n\t\t\t<\/div><\/figure><figure class='gallery-item'>\n\t\t\t<div class='gallery-icon landscape'>\n\t\t\t\t<a href='https:\/\/vstabor.orlicemb.cz\/subdom\/vstabor\/fotogalerie\/dsc_0891\/'><img width=\"150\" height=\"150\" src=\"https:\/\/vstabor.orlicemb.cz\/subdom\/vstabor\/wp-content\/uploads\/2016\/05\/DSC_0891-150x150.jpg\" class=\"attachment-thumbnail size-thumbnail\" alt=\"\" decoding=\"async\" loading=\"lazy\" \/><\/a>\n\t\t\t<\/div><\/figure><figure class='gallery-item'>\n\t\t\t<div class='gallery-icon landscape'>\n\t\t\t\t<a href='https:\/\/vstabor.orlicemb.cz\/subdom\/vstabor\/fotogalerie\/dsc_0324\/'><img width=\"150\" height=\"150\" src=\"https:\/\/vstabor.orlicemb.cz\/subdom\/vstabor\/wp-content\/uploads\/2016\/05\/DSC_0324-150x150.jpg\" class=\"attachment-thumbnail size-thumbnail\" alt=\"\" decoding=\"async\" loading=\"lazy\" \/><\/a>\n\t\t\t<\/div><\/figure><figure class='gallery-item'>\n\t\t\t<div class='gallery-icon landscape'>\n\t\t\t\t<a href='https:\/\/vstabor.orlicemb.cz\/subdom\/vstabor\/fotogalerie\/dsc_0925\/'><img width=\"150\" height=\"150\" src=\"https:\/\/vstabor.orlicemb.cz\/subdom\/vstabor\/wp-content\/uploads\/2016\/05\/DSC_0925-150x150.jpg\" class=\"attachment-thumbnail size-thumbnail\" alt=\"\" decoding=\"async\" loading=\"lazy\" \/><\/a>\n\t\t\t<\/div><\/figure><figure class='gallery-item'>\n\t\t\t<div class='gallery-icon landscape'>\n\t\t\t\t<a href='https:\/\/vstabor.orlicemb.cz\/subdom\/vstabor\/fotogalerie\/dsc_0128\/'><img width=\"150\" height=\"150\" src=\"https:\/\/vstabor.orlicemb.cz\/subdom\/vstabor\/wp-content\/uploads\/2016\/05\/DSC_0128-150x150.jpg\" class=\"attachment-thumbnail size-thumbnail\" alt=\"\" decoding=\"async\" loading=\"lazy\" \/><\/a>\n\t\t\t<\/div><\/figure><figure class='gallery-item'>\n\t\t\t<div class='gallery-icon landscape'>\n\t\t\t\t<a href='https:\/\/vstabor.orlicemb.cz\/subdom\/vstabor\/fotogalerie\/dsc_0212\/'><img width=\"150\" height=\"150\" src=\"https:\/\/vstabor.orlicemb.cz\/subdom\/vstabor\/wp-content\/uploads\/2016\/05\/DSC_0212-150x150.jpg\" class=\"attachment-thumbnail size-thumbnail\" alt=\"\" decoding=\"async\" loading=\"lazy\" \/><\/a>\n\t\t\t<\/div><\/figure><figure class='gallery-item'>\n\t\t\t<div class='gallery-icon landscape'>\n\t\t\t\t<a href='https:\/\/vstabor.orlicemb.cz\/subdom\/vstabor\/fotogalerie\/dsc_0912\/'><img width=\"150\" height=\"150\" src=\"https:\/\/vstabor.orlicemb.cz\/subdom\/vstabor\/wp-content\/uploads\/2016\/05\/DSC_0912-150x150.jpg\" class=\"attachment-thumbnail size-thumbnail\" alt=\"\" decoding=\"async\" loading=\"lazy\" \/><\/a>\n\t\t\t<\/div><\/figure><figure class='gallery-item'>\n\t\t\t<div class='gallery-icon landscape'>\n\t\t\t\t<a href='https:\/\/vstabor.orlicemb.cz\/subdom\/vstabor\/fotogalerie\/dsc_0661\/'><img width=\"150\" height=\"150\" src=\"https:\/\/vstabor.orlicemb.cz\/subdom\/vstabor\/wp-content\/uploads\/2016\/05\/DSC_0661-150x150.jpg\" class=\"attachment-thumbnail size-thumbnail\" alt=\"\" decoding=\"async\" loading=\"lazy\" \/><\/a>\n\t\t\t<\/div><\/figure><figure class='gallery-item'>\n\t\t\t<div class='gallery-icon landscape'>\n\t\t\t\t<a href='https:\/\/vstabor.orlicemb.cz\/subdom\/vstabor\/fotogalerie\/dsc_0215\/'><img width=\"150\" height=\"150\" src=\"https:\/\/vstabor.orlicemb.cz\/subdom\/vstabor\/wp-content\/uploads\/2016\/05\/DSC_0215-150x150.jpg\" class=\"attachment-thumbnail size-thumbnail\" alt=\"\" decoding=\"async\" loading=\"lazy\" \/><\/a>\n\t\t\t<\/div><\/figure><figure class='gallery-item'>\n\t\t\t<div class='gallery-icon landscape'>\n\t\t\t\t<a href='https:\/\/vstabor.orlicemb.cz\/subdom\/vstabor\/fotogalerie\/dsc_0276\/'><img width=\"150\" height=\"150\" src=\"https:\/\/vstabor.orlicemb.cz\/subdom\/vstabor\/wp-content\/uploads\/2016\/05\/DSC_0276-150x150.jpg\" class=\"attachment-thumbnail size-thumbnail\" alt=\"\" decoding=\"async\" loading=\"lazy\" \/><\/a>\n\t\t\t<\/div><\/figure><figure class='gallery-item'>\n\t\t\t<div class='gallery-icon landscape'>\n\t\t\t\t<a href='https:\/\/vstabor.orlicemb.cz\/subdom\/vstabor\/fotogalerie\/dsc_0940\/'><img width=\"150\" height=\"150\" src=\"https:\/\/vstabor.orlicemb.cz\/subdom\/vstabor\/wp-content\/uploads\/2016\/05\/DSC_0940-150x150.jpg\" class=\"attachment-thumbnail size-thumbnail\" alt=\"\" decoding=\"async\" loading=\"lazy\" \/><\/a>\n\t\t\t<\/div><\/figure><figure class='gallery-item'>\n\t\t\t<div class='gallery-icon landscape'>\n\t\t\t\t<a href='https:\/\/vstabor.orlicemb.cz\/subdom\/vstabor\/fotogalerie\/dsc_0369\/'><img width=\"150\" height=\"150\" src=\"https:\/\/vstabor.orlicemb.cz\/subdom\/vstabor\/wp-content\/uploads\/2016\/05\/DSC_0369-150x150.jpg\" class=\"attachment-thumbnail size-thumbnail\" alt=\"\" decoding=\"async\" loading=\"lazy\" \/><\/a>\n\t\t\t<\/div><\/figure><figure class='gallery-item'>\n\t\t\t<div class='gallery-icon landscape'>\n\t\t\t\t<a href='https:\/\/vstabor.orlicemb.cz\/subdom\/vstabor\/fotogalerie\/dsc_0816\/'><img width=\"150\" height=\"150\" src=\"https:\/\/vstabor.orlicemb.cz\/subdom\/vstabor\/wp-content\/uploads\/2016\/05\/DSC_0816-150x150.jpg\" class=\"attachment-thumbnail size-thumbnail\" alt=\"\" decoding=\"async\" loading=\"lazy\" \/><\/a>\n\t\t\t<\/div><\/figure><figure class='gallery-item'>\n\t\t\t<div class='gallery-icon landscape'>\n\t\t\t\t<a href='https:\/\/vstabor.orlicemb.cz\/subdom\/vstabor\/fotogalerie\/dsc_0112\/'><img width=\"150\" height=\"150\" src=\"https:\/\/vstabor.orlicemb.cz\/subdom\/vstabor\/wp-content\/uploads\/2016\/05\/DSC_0112-150x150.jpg\" class=\"attachment-thumbnail size-thumbnail\" alt=\"\" decoding=\"async\" loading=\"lazy\" \/><\/a>\n\t\t\t<\/div><\/figure><figure class='gallery-item'>\n\t\t\t<div class='gallery-icon landscape'>\n\t\t\t\t<a href='https:\/\/vstabor.orlicemb.cz\/subdom\/vstabor\/fotogalerie\/dsc_0208\/'><img width=\"150\" height=\"150\" src=\"https:\/\/vstabor.orlicemb.cz\/subdom\/vstabor\/wp-content\/uploads\/2016\/05\/DSC_0208-150x150.jpg\" class=\"attachment-thumbnail size-thumbnail\" alt=\"\" decoding=\"async\" loading=\"lazy\" \/><\/a>\n\t\t\t<\/div><\/figure><figure class='gallery-item'>\n\t\t\t<div class='gallery-icon landscape'>\n\t\t\t\t<a href='https:\/\/vstabor.orlicemb.cz\/subdom\/vstabor\/fotogalerie\/dsc_0916\/'><img width=\"150\" height=\"150\" src=\"https:\/\/vstabor.orlicemb.cz\/subdom\/vstabor\/wp-content\/uploads\/2016\/05\/DSC_0916-150x150.jpg\" class=\"attachment-thumbnail size-thumbnail\" alt=\"\" decoding=\"async\" loading=\"lazy\" \/><\/a>\n\t\t\t<\/div><\/figure><figure class='gallery-item'>\n\t\t\t<div class='gallery-icon landscape'>\n\t\t\t\t<a href='https:\/\/vstabor.orlicemb.cz\/subdom\/vstabor\/fotogalerie\/dsc_0790\/'><img width=\"150\" height=\"150\" src=\"https:\/\/vstabor.orlicemb.cz\/subdom\/vstabor\/wp-content\/uploads\/2016\/05\/DSC_0790-150x150.jpg\" class=\"attachment-thumbnail size-thumbnail\" alt=\"\" decoding=\"async\" loading=\"lazy\" \/><\/a>\n\t\t\t<\/div><\/figure><figure class='gallery-item'>\n\t\t\t<div class='gallery-icon landscape'>\n\t\t\t\t<a href='https:\/\/vstabor.orlicemb.cz\/subdom\/vstabor\/fotogalerie\/dsc_0742\/'><img width=\"150\" height=\"150\" src=\"https:\/\/vstabor.orlicemb.cz\/subdom\/vstabor\/wp-content\/uploads\/2016\/05\/DSC_0742-150x150.jpg\" class=\"attachment-thumbnail size-thumbnail\" alt=\"\" decoding=\"async\" loading=\"lazy\" \/><\/a>\n\t\t\t<\/div><\/figure><figure class='gallery-item'>\n\t\t\t<div class='gallery-icon landscape'>\n\t\t\t\t<a href='https:\/\/vstabor.orlicemb.cz\/subdom\/vstabor\/fotogalerie\/dsc_0888\/'><img width=\"150\" height=\"150\" src=\"https:\/\/vstabor.orlicemb.cz\/subdom\/vstabor\/wp-content\/uploads\/2016\/05\/DSC_0888-150x150.jpg\" class=\"attachment-thumbnail size-thumbnail\" alt=\"\" decoding=\"async\" loading=\"lazy\" \/><\/a>\n\t\t\t<\/div><\/figure><figure class='gallery-item'>\n\t\t\t<div class='gallery-icon landscape'>\n\t\t\t\t<a href='https:\/\/vstabor.orlicemb.cz\/subdom\/vstabor\/fotogalerie\/dsc_0155\/'><img width=\"150\" height=\"150\" src=\"https:\/\/vstabor.orlicemb.cz\/subdom\/vstabor\/wp-content\/uploads\/2016\/05\/DSC_0155-150x150.jpg\" class=\"attachment-thumbnail size-thumbnail\" alt=\"\" decoding=\"async\" loading=\"lazy\" \/><\/a>\n\t\t\t<\/div><\/figure><figure class='gallery-item'>\n\t\t\t<div class='gallery-icon landscape'>\n\t\t\t\t<a href='https:\/\/vstabor.orlicemb.cz\/subdom\/vstabor\/fotogalerie\/dsc_0073\/'><img width=\"150\" height=\"150\" src=\"https:\/\/vstabor.orlicemb.cz\/subdom\/vstabor\/wp-content\/uploads\/2016\/05\/DSC_0073-150x150.jpg\" class=\"attachment-thumbnail size-thumbnail\" alt=\"\" decoding=\"async\" loading=\"lazy\" \/><\/a>\n\t\t\t<\/div><\/figure><figure class='gallery-item'>\n\t\t\t<div class='gallery-icon landscape'>\n\t\t\t\t<a href='https:\/\/vstabor.orlicemb.cz\/subdom\/vstabor\/fotogalerie\/dsc_0333\/'><img width=\"150\" height=\"150\" src=\"https:\/\/vstabor.orlicemb.cz\/subdom\/vstabor\/wp-content\/uploads\/2016\/05\/DSC_0333-150x150.jpg\" class=\"attachment-thumbnail size-thumbnail\" alt=\"\" decoding=\"async\" loading=\"lazy\" \/><\/a>\n\t\t\t<\/div><\/figure><figure class='gallery-item'>\n\t\t\t<div class='gallery-icon landscape'>\n\t\t\t\t<a href='https:\/\/vstabor.orlicemb.cz\/subdom\/vstabor\/fotogalerie\/dsc_0927\/'><img width=\"150\" height=\"150\" src=\"https:\/\/vstabor.orlicemb.cz\/subdom\/vstabor\/wp-content\/uploads\/2016\/05\/DSC_0927-150x150.jpg\" class=\"attachment-thumbnail size-thumbnail\" alt=\"\" decoding=\"async\" loading=\"lazy\" \/><\/a>\n\t\t\t<\/div><\/figure><figure class='gallery-item'>\n\t\t\t<div class='gallery-icon landscape'>\n\t\t\t\t<a href='https:\/\/vstabor.orlicemb.cz\/subdom\/vstabor\/fotogalerie\/dsc_0026\/'><img width=\"150\" height=\"150\" src=\"https:\/\/vstabor.orlicemb.cz\/subdom\/vstabor\/wp-content\/uploads\/2016\/05\/DSC_0026-150x150.jpg\" class=\"attachment-thumbnail size-thumbnail\" alt=\"\" decoding=\"async\" loading=\"lazy\" \/><\/a>\n\t\t\t<\/div><\/figure><figure class='gallery-item'>\n\t\t\t<div class='gallery-icon landscape'>\n\t\t\t\t<a href='https:\/\/vstabor.orlicemb.cz\/subdom\/vstabor\/fotogalerie\/dsc_0069\/'><img width=\"150\" height=\"150\" src=\"https:\/\/vstabor.orlicemb.cz\/subdom\/vstabor\/wp-content\/uploads\/2016\/05\/DSC_0069-150x150.jpg\" class=\"attachment-thumbnail size-thumbnail\" alt=\"\" decoding=\"async\" loading=\"lazy\" \/><\/a>\n\t\t\t<\/div><\/figure><figure class='gallery-item'>\n\t\t\t<div class='gallery-icon landscape'>\n\t\t\t\t<a href='https:\/\/vstabor.orlicemb.cz\/subdom\/vstabor\/fotogalerie\/dsc_0051\/'><img width=\"150\" height=\"150\" src=\"https:\/\/vstabor.orlicemb.cz\/subdom\/vstabor\/wp-content\/uploads\/2016\/05\/DSC_0051-150x150.jpg\" class=\"attachment-thumbnail size-thumbnail\" alt=\"\" decoding=\"async\" loading=\"lazy\" \/><\/a>\n\t\t\t<\/div><\/figure><figure class='gallery-item'>\n\t\t\t<div class='gallery-icon landscape'>\n\t\t\t\t<a href='https:\/\/vstabor.orlicemb.cz\/subdom\/vstabor\/fotogalerie\/dsc_0729-2\/'><img width=\"150\" height=\"150\" src=\"https:\/\/vstabor.orlicemb.cz\/subdom\/vstabor\/wp-content\/uploads\/2016\/05\/DSC_0729-1-150x150.jpg\" class=\"attachment-thumbnail size-thumbnail\" alt=\"\" decoding=\"async\" loading=\"lazy\" \/><\/a>\n\t\t\t<\/div><\/figure><figure class='gallery-item'>\n\t\t\t<div class='gallery-icon landscape'>\n\t\t\t\t<a href='https:\/\/vstabor.orlicemb.cz\/subdom\/vstabor\/fotogalerie\/dsc_0294\/'><img width=\"150\" height=\"150\" src=\"https:\/\/vstabor.orlicemb.cz\/subdom\/vstabor\/wp-content\/uploads\/2016\/05\/DSC_0294-150x150.jpg\" class=\"attachment-thumbnail size-thumbnail\" alt=\"\" decoding=\"async\" loading=\"lazy\" \/><\/a>\n\t\t\t<\/div><\/figure><figure class='gallery-item'>\n\t\t\t<div class='gallery-icon landscape'>\n\t\t\t\t<a href='https:\/\/vstabor.orlicemb.cz\/subdom\/vstabor\/fotogalerie\/dsc_0065\/'><img width=\"150\" height=\"150\" src=\"https:\/\/vstabor.orlicemb.cz\/subdom\/vstabor\/wp-content\/uploads\/2016\/05\/DSC_0065-150x150.jpg\" class=\"attachment-thumbnail size-thumbnail\" alt=\"\" decoding=\"async\" loading=\"lazy\" \/><\/a>\n\t\t\t<\/div><\/figure><figure class='gallery-item'>\n\t\t\t<div class='gallery-icon landscape'>\n\t\t\t\t<a href='https:\/\/vstabor.orlicemb.cz\/subdom\/vstabor\/fotogalerie\/dsc_0221\/'><img width=\"150\" height=\"150\" src=\"https:\/\/vstabor.orlicemb.cz\/subdom\/vstabor\/wp-content\/uploads\/2016\/05\/DSC_0221-150x150.jpg\" class=\"attachment-thumbnail size-thumbnail\" alt=\"\" decoding=\"async\" loading=\"lazy\" \/><\/a>\n\t\t\t<\/div><\/figure><figure class='gallery-item'>\n\t\t\t<div class='gallery-icon landscape'>\n\t\t\t\t<a href='https:\/\/vstabor.orlicemb.cz\/subdom\/vstabor\/fotogalerie\/dsc_0192\/'><img width=\"150\" height=\"150\" src=\"https:\/\/vstabor.orlicemb.cz\/subdom\/vstabor\/wp-content\/uploads\/2016\/05\/DSC_0192-150x150.jpg\" class=\"attachment-thumbnail size-thumbnail\" alt=\"\" decoding=\"async\" loading=\"lazy\" \/><\/a>\n\t\t\t<\/div><\/figure>\n\t\t<\/div>\n\n","protected":false},"excerpt":{"rendered":"<p>Foto z t\u00e1bora 2024\u00a0tady Foto z t\u00e1bora 2023\u00a0tady Fotografie z t\u00e1bora 2022\u00a0tady a taky\u00a0tady Fotografie z t\u00e1bora 2021 zde! Fotografie z t\u00e1bora 2018\u00a0zde! Fotografie z t\u00e1bora 2017 zde! Fotografie ze star\u0161\u00edch t\u00e1bor\u016f:<\/p>\n","protected":false},"author":1,"featured_media":0,"parent":0,"menu_order":0,"comment_status":"closed","ping_status":"closed","template":"","meta":[],"_links":{"self":[{"href":"https:\/\/vstabor.orlicemb.cz\/subdom\/vstabor\/wp-json\/wp\/v2\/pages\/25"}],"collection":[{"href":"https:\/\/vstabor.orlicemb.cz\/subdom\/vstabor\/wp-json\/wp\/v2\/pages"}],"about":[{"href":"https:\/\/vstabor.orlicemb.cz\/subdom\/vstabor\/wp-json\/wp\/v2\/types\/page"}],"author":[{"embeddable":true,"href":"https:\/\/vstabor.orlicemb.cz\/subdom\/vstabor\/wp-json\/wp\/v2\/users\/1"}],"replies":[{"embeddable":true,"href":"https:\/\/vstabor.orlicemb.cz\/subdom\/vstabor\/wp-json\/wp\/v2\/comments?post=25"}],"version-history":[{"count":8,"href":"https:\/\/vstabor.orlicemb.cz\/subdom\/vstabor\/wp-json\/wp\/v2\/pages\/25\/revisions"}],"predecessor-version":[{"id":526,"href":"https:\/\/vstabor.orlicemb.cz\/subdom\/vstabor\/wp-json\/wp\/v2\/pages\/25\/revisions\/526"}],"wp:attachment":[{"href":"https:\/\/vstabor.orlicemb.cz\/subdom\/vstabor\/wp-json\/wp\/v2\/media?parent=25"}],"curies":[{"name":"wp","href":"https:\/\/api.w.org\/{rel}","templated":true}]}}